{"id":213,"date":"2025-03-05T14:33:14","date_gmt":"2025-03-05T14:33:14","guid":{"rendered":"https:\/\/www.holzmarkt-hofmuehle.de\/index.php\/accessibility-statement\/"},"modified":"2026-03-17T12:34:20","modified_gmt":"2026-03-17T12:34:20","slug":"accessibility-statement","status":"publish","type":"page","link":"https:\/\/www.holzmarkt-hofmuehle.de\/index.php\/accessibility-statement\/","title":{"rendered":"Barrierefreiheits-Erkl\u00e4rung"},"content":{"rendered":"\t\t<div data-elementor-type=\"wp-page\" data-elementor-id=\"213\" class=\"elementor elementor-213\" data-elementor-post-type=\"page\">\n\t\t\t\t<div class=\"elementor-element elementor-element-209843a0 e-flex e-con-boxed e-con e-parent\" data-id=\"209843a0\" data-element_type=\"container\" data-e-type=\"container\">\n\t\t\t\t\t<div class=\"e-con-inner\">\n\t\t\t\t<div class=\"elementor-element elementor-element-5b89e222 elementor-widget elementor-widget-text-editor\" data-id=\"5b89e222\" data-element_type=\"widget\" data-e-type=\"widget\" data-widget_type=\"text-editor.default\">\n\t\t\t\t<div class=\"elementor-widget-container\">\n\t\t\t\t\t\t\t\t\t\n<p><strong>Barrierefreiheits-Erkl\u00e4rung (Accessibility Statement)<\/strong><\/p>\n\n<p><strong>Einleitung<\/strong> Wir sind bestrebt, unsere Website f\u00fcr alle Nutzerinnen und Nutzer zug\u00e4nglich zu gestalten, unabh\u00e4ngig von individuellen Einschr\u00e4nkungen oder technischen Gegebenheiten. Unser Ziel ist es, eine digitale Umgebung zu schaffen, die barrierefrei ist und eine inklusive Nutzung erm\u00f6glicht.<\/p>\n\n<p><strong>Konformit\u00e4tsstatus<\/strong> Die Web Content Accessibility Guidelines (WCAG) definieren Anforderungen f\u00fcr Designer und Entwickler zur Verbesserung der Barrierefreiheit f\u00fcr Menschen mit Behinderungen. Es gibt drei Konformit\u00e4tsstufen: Level A, Level AA und Level AAA.<\/p>\n\n<p>Unsere Website orientiert sich an den WCAG 2.1 Richtlinien auf Stufe AA, um sicherzustellen, dass Inhalte f\u00fcr alle Nutzerinnen und Nutzer verst\u00e4ndlich, bedienbar, sichtbar und robust sind. Wir sind bestrebt, unsere digitale Umgebung kontinuierlich zu verbessern, um allen Menschen eine barrierefreie Nutzung zu erm\u00f6glichen. Dennoch kann es vorkommen, dass einige Inhalte noch nicht vollst\u00e4ndig den h\u00f6chsten Barrierefreiheitsstandards entsprechen. Dies kann daran liegen, dass wir die beste technische L\u00f6sung f\u00fcr bestimmte Herausforderungen noch nicht gefunden haben.<\/p>\n\n<p>Wir behalten uns vor, diese Erkl\u00e4rung regelm\u00e4\u00dfig zu \u00fcberarbeiten, um Verbesserungen oder \u00c4nderungen an unseren Barrierefreiheitspraktiken widerzuspiegeln.<\/p>\n\n<p><strong>Noch bestehende Einschr\u00e4nkungen<\/strong> Trotz unserer Bem\u00fchungen k\u00f6nnen einige Inhalte noch nicht vollst\u00e4ndig barrierefrei sein. Wir arbeiten kontinuierlich an Verbesserungen und freuen uns \u00fcber Ihr Feedback.<\/p>\n\n<p><strong>Kontakt und Feedback<\/strong> Sollten Sie auf Barrieren sto\u00dfen oder Verbesserungsvorschl\u00e4ge haben, kontaktieren Sie uns bitte:<\/p>\n\n<ul class=\"wp-block-list\">\n<li><strong>E-Mail:<\/strong> <a>info@holzmarkt-hofmuehle.de<\/a><\/li>\n\n<li><strong>Telefon:<\/strong> 037344 8214<\/li>\n\n<li><strong>Adresse:<\/strong> Annaberger Str. 199, 09474 Crottendorf<\/li>\n<\/ul>\n\n<p>Wir werden uns bem\u00fchen, Ihr Anliegen schnellstm\u00f6glich zu bearbeiten und eine barrierefreie L\u00f6sung anzubieten. Wir versuchen, auf Feedback innerhalb von 3\u20135 Werktagen zu reagieren.<\/p>\n\n<p><strong>\u00d6ffnungszeiten<\/strong><\/p>\n\n<ul class=\"wp-block-list\">\n<li>Montag bis Freitag: 09:00 &#8211; 12:00 Uhr und 14:00 &#8211; 17:00 Uhr<\/li>\n<\/ul>\n\n<p><strong>Letzte Aktualisierung<\/strong> Dieses Accessibility Statement wurde zuletzt am 5. M\u00e4rz 2025 aktualisiert und wird regelm\u00e4\u00dfig \u00fcberpr\u00fcft und verbessert.<\/p>\n\t\t\t\t\t\t\t\t<\/div>\n\t\t\t\t<\/div>\n\t\t\t\t\t<\/div>\n\t\t\t\t<\/div>\n\t\t\t\t<\/div>\n\t\t","protected":false},"excerpt":{"rendered":"<p>Barrierefreiheits-Erkl\u00e4rung (Accessibility Statement) Einleitung Wir sind bestrebt, unsere Website f\u00fcr alle Nutzerinnen und Nutzer zug\u00e4nglich zu gestalten, unabh\u00e4ngig von individuellen Einschr\u00e4nkungen oder technischen Gegebenheiten. Unser Ziel ist es, eine digitale Umgebung zu schaffen, die barrierefrei ist und eine inklusive Nutzung erm\u00f6glicht. Konformit\u00e4tsstatus Die Web Content Accessibility Guidelines (WCAG) definieren Anforderungen f\u00fcr Designer und Entwickler zur [&hellip;]<\/p>\n","protected":false},"author":1,"featured_media":0,"parent":0,"menu_order":0,"comment_status":"closed","ping_status":"closed","template":"","meta":{"footnotes":""},"class_list":["post-213","page","type-page","status-publish","hentry"],"_links":{"self":[{"href":"https:\/\/www.holzmarkt-hofmuehle.de\/index.php\/wp-json\/wp\/v2\/pages\/213","targetHints":{"allow":["GET"]}}],"collection":[{"href":"https:\/\/www.holzmarkt-hofmuehle.de\/index.php\/wp-json\/wp\/v2\/pages"}],"about":[{"href":"https:\/\/www.holzmarkt-hofmuehle.de\/index.php\/wp-json\/wp\/v2\/types\/page"}],"author":[{"embeddable":true,"href":"https:\/\/www.holzmarkt-hofmuehle.de\/index.php\/wp-json\/wp\/v2\/users\/1"}],"replies":[{"embeddable":true,"href":"https:\/\/www.holzmarkt-hofmuehle.de\/index.php\/wp-json\/wp\/v2\/comments?post=213"}],"version-history":[{"count":4,"href":"https:\/\/www.holzmarkt-hofmuehle.de\/index.php\/wp-json\/wp\/v2\/pages\/213\/revisions"}],"predecessor-version":[{"id":990,"href":"https:\/\/www.holzmarkt-hofmuehle.de\/index.php\/wp-json\/wp\/v2\/pages\/213\/revisions\/990"}],"wp:attachment":[{"href":"https:\/\/www.holzmarkt-hofmuehle.de\/index.php\/wp-json\/wp\/v2\/media?parent=213"}],"curies":[{"name":"wp","href":"https:\/\/api.w.org\/{rel}","templated":true}]}}